mmon factor of 151 and 1208?
151
Calculate the highest common factor of 342 and 54.
18
Calculate the highest common factor of 5740 and 14.
14
Calculate the greatest common factor of 176 and 1111.
11
What is the greatest common factor of 261 and 1363?
29
What is the greatest common divisor of 27 and 117?
9
What is the greatest common factor of 612 and 144?
36
What is the highest common divisor of 21 and 28?
7
What is the greatest common factor of 23 and 1?
1
What is the greatest common factor of 384 and 12960?
96
Calculate the highest common factor of 24 and 76.
4
Calculate the highest common divisor of 32 and 76.
4
Calculate the highest common factor of 75 and 13525.
25
What is the highest common divisor of 3870 and 5?
5
What is the highest common factor of 16 and 40?
8
What is the greatest common divisor of 84 and 196?
28
Calculate the greatest common divisor of 580 and 160.
20
Calculate the greatest common divisor of 136 and 2516.
68
Calculate the greatest common factor of 138 and 2852.
46
Calculate the greatest common divisor of 1936 and 2.
2
Calculate the highest common factor of 210 and 168.
42
What is the greatest common factor of 3050 and 200?
50
Calculate the greatest common factor of 1420 and 4544.
284
What is the highest common divisor of 93 and 138?
3
Calculate the greatest common factor of 23807 and 21.
7
What is the highest common divisor of 400 and 1360?
80
What is the greatest common divisor of 64 and 4672?
64
Calculate the highest common divisor of 16 and 4328.
8
Calculate the highest common divisor of 225 and 400.
25
What is the greatest common divisor of 32 and 14?
2
Calculate the highest common factor of 1369 and 111.
37
Calculate the greatest common factor of 1053 and 13.
13
What is the greatest common factor of 140 and 84?
28
Calculate the greatest common factor of 5348 and 84.
28
Calculate the greatest common divisor of 4 and 26.
2
Calculate the highest common factor of 120 and 870.
30
Calculate the highest common divisor of 102 and 18.
6
Calculate the greatest common divisor of 13 and 1417.
13
What is the highest common divisor of 9310 and 5?
5
What is the highest common divisor of 48 and 3?
3
Calculate the highest common divisor of 14 and 42.
14
What is the greatest common factor of 39 and 52?
13
Calculate the greatest common factor of 1793 and 163.
163
What is the greatest common factor of 16 and 68?
4
Calculate the highest common divisor of 9 and 927.
9
Calculate the greatest common factor of 1 and 17.
1
What is the greatest common factor of 567 and 1827?
63
What is the highest common divisor of 46 and 368?
46
What is the greatest common factor of 1136 and 6?
2
What is the highest common divisor of 192 and 72?
24
Calculate the greatest common divisor of 376 and 344.
8
What is the greatest common divisor of 2670 and 45?
15
What is the highest common divisor of 116 and 3277?
29
Calculate the highest common divisor of 22714 and 328.
82
What is the highest common factor of 241 and 11327?
241
Calculate the highest common factor of 77 and 161.
7
Calculate the greatest common divisor of 322 and 483.
161
Calculate the highest common divisor of 608 and 96.
32
What is the highest common factor of 182 and 6968?
26
Calculate the greatest common divisor of 3584 and 80.
16
What is the highest common factor of 18 and 621?
9
Calculate the greatest common factor of 3576 and 3874.
298
What is the highest common factor of 11 and 7722?
11
Calculate the highest common factor of 208 and 52.
52
What is the highest common factor of 396 and 18?
18
What is the greatest common factor of 816 and 2550?
102
Calculate the greatest common factor of 4 and 10564.
4
Calculate the highest common divisor of 318 and 4611.
159
What is the highest common factor of 69 and 92?
23
What is the highest common divisor of 57 and 51699?
57
Calculate the highest common divisor of 72 and 9.
9
Calculate the greatest common factor of 43 and 1849.
43
Calculate the highest common divisor of 91 and 3913.
91
What is the highest common factor of 34 and 442?
34
What is the greatest common divisor of 296 and 8?
8
What is the greatest common factor of 216 and 14526?
54
What is the greatest common factor of 540 and 4185?
135
Calculate the highest common factor of 147 and 333.
3
What is the highest common factor of 25 and 1?
1
Calculate the greatest common divisor of 556 and 50874.
278
Calculate the greatest common factor of 60 and 10580.
20
Calculate the highest common divisor of 6 and 93.
3
Calculate the highest common divisor of 119 and 34.
17
Calculate the highest common factor of 219 and 511.
73
What is the greatest common divisor of 44 and 2178?
22
What is the greatest common divisor of 319 and 667?
29
Calculate the highest common factor of 295 and 240.
5
What is the highest common factor of 113 and 29493?
113
Calculate the highest common divisor of 5439 and 1764.
147
Calculate the highest common divisor of 4 and 5.
1
What is the greatest common divisor of 26 and 299?
13
Calculate the greatest common divisor of 144 and 176.
16
Calculate the greatest common factor of 82 and 2542.
82
Calculate the greatest common factor of 760 and 440.
40
What is the highest common factor of 10 and 200?
10
Calculate the greatest common divisor of 2071 and 171.
19
What is the highest common factor of 1704 and 48?
24
Calculate the greatest common factor of 4536 and 3672.
216
What is the highest common divisor of 12117 and 189?
21
What is the highest common divisor of 138 and 92?
46
What is the greatest common factor of 20 and 180?
20
What is the greatest common factor of 555 and 90?
15
What is the greatest common divisor of 11 and 11?
11
Calculate the highest common divisor of 220 and 176.
44
What is the highest common factor of 418 and 66?
22
What is the highest common factor of 4747 and 101?
101
What is the highest common divisor of 8 and 228?
4
What is the greatest common factor of 40 and 1310?
10
What is the greatest common factor of 23829 and 141?
141
What is the highest common factor of 198 and 957?
33
Calculate the greatest common divisor of 172 and 13932.
172
What is the highest common divisor of 155 and 341?
31
Calculate the highest common factor of 150 and 3.
3
Calculate the greatest common factor of 20 and 180.
20
Calculate the greatest common factor of 77771 and 83.
83
Calculate the greatest common factor of 475 and 50.
25
Calculate the greatest common factor of 12 and 5754.
6
Calculate the highest common divisor of 16 and 19728.
16
Calculate the highest common divisor of 2077 and 62.
31
Calculate the highest common divisor of 1176 and 24.
24
What is the greatest common factor of 408 and 72?
24
What is the highest common factor of 9 and 1719?
9
What is the greatest common factor of 110 and 3058?
22
What is the greatest common factor of 264 and 168?
24
What is the greatest common divisor of 1661 and 151?
151
Calculate the highest common divisor of 69 and 851.
23
Calculate the highest common factor of 20 and 1410.
10
What is the greatest common divisor of 867 and 51?
51
What is the greatest common factor of 88 and 2827?
11
Calculate the highest common factor of 3478 and 47.
47
Calculate the highest common divisor of 7991 and 61.
61
What is the highest common divisor of 7 and 1449?
7
What is the highest common divisor of 253 and 92?
23
Calculate the greatest common factor of 368 and 64.
16
What is the greatest common factor of 965 and 5?
5
What is the greatest common divisor of 13 and 104?
13
What is the greatest common divisor of 161 and 14?
7
What is the greatest common divisor of 50 and 22?
2
What is the highest common factor of 117 and 13?
13
Calculate the highest common factor of 312 and 9264.
24
What is the highest common divisor of 390 and 273?
39
What is the highest common factor of 870 and 725?
145
Calculate the greatest common divisor of 86 and 4.
2
What is the greatest common divisor of 34132 and 212?
212
What is the greatest common factor of 5346 and 88?
22
Calculate the highest common divisor of 1188 and 972.
108
What is the highest common divisor of 64 and 8128?
64
Calculate the greatest common divisor of 5475 and 75.
75
Calculate the greatest common factor of 192 and 1.
1
What is the highest common divisor of 2737 and 425?
17
What is the highest common divisor of 1